4356
In base 14, what is -4d9 + b719?
b220
In base 9, what is 15138 + -3201?
11837
In base 13, what is -286 - -3455b?
342a5
In base 3, what is 0 + 11021110000111?
11021110000111
In base 14, what is 317b630 + 0?
317b630
In base 7, what is -230553124 - 0?
-230553124
In base 15, what is 69423 + -20?
69403
In base 5, what is -122 - -113140222?
113140100
In base 5, what is 220120 - 42012?
123103
In base 6, what is -10 + 51335412?
51335402
In base 13, what is 4 + 9818085?
9818089
In base 6, what is -1202 + 51500?
50254
In base 2, what is -1110011000 + 11100?
-1101111100
In base 10, what is 28312 + 9674?
37986
In base 15, what is -1 - 236cbd?
-236cbe
In base 12, what is -161827a93 + 4?
-161827a8b
In base 5, what is -41444132 - -1043?
-41443034
In base 4, what is 233 + -30323221?
-30322322
In base 2, what is 10000100001110110111100 - 1000?
10000100001110110110100
In base 10, what is -10901781 + -4?
-10901785
In base 8, what is 42 - -633063?
633125
In base 5, what is -110143444 + -3124?
-110202123
In base 12, what is -a9 - 13b3452?
-13b353b
In base 6, what is 3254101451 + 5?
3254101500
In base 14, what is -3c - -153ca?
1538c
In base 13, what is 3 - -64278300?
64278303
In base 8, what is 20444 + -2736?
15506
In base 10, what is -7200241 + -2?
-7200243
In base 3, what is 11211 - 10000121010?
-10000102022
In base 3, what is -1000210222220 - -200?
-1000210222020
In base 15, what is -15eab + 1ac?
-15cee
In base 2, what is -101 + 1110100100111111111111?
1110100100111111111010
In base 4, what is 2003102031322 + 2?
2003102031330
In base 10, what is 2491938 + 4?
2491942
In base 9, what is -2 + -6234072?
-6234074
In base 2, what is 111110 + 101001001000100?
101001010000010
In base 13, what is -4 - 13a4b9?
-13a4c0
In base 14, what is 9213cda - -3?
9213cdd
In base 4, what is -132021010 + -100?
-132021110
In base 11, what is 1649 + -2566?
-a18
In base 3, what is 110122020001 + -12022?
110122000202
In base 15, what is -86 - 6657?
-66dd
In base 12, what is 47aab + -96?
47a15
In base 4, what is -202031 + -2230120?
-3032211
In base 10, what is 94 + -255143?
-255049
In base 15, what is -186d - -6e0?
-117d
In base 8, what is 1251 + -175471?
-174220
In base 8, what is -44712 - 2341?
-47253
In base 8, what is -14 - -3736332?
3736316
In base 16, what is -2 + 5438c7?
5438c5
In base 5, what is -1040031131230 - 10?
-1040031131240
In base 10, what is -5 - -2682466?
2682461
In base 16, what is -10 + -32276?
-32286
In base 11, what is 14 - 382231?
-382218
In base 7, what is 3004600365 - 1?
3004600364
In base 2, what is -10011 - -10000001010001100?
10000001001111001
In base 2, what is 101 + -11010101111111110?
-11010101111111001
In base 7, what is -302346151 + 0?
-302346151
In base 10, what is -8 + 64068584?
64068576
In base 11, what is 1390 + 424585?
425965
In base 9, what is 18835328 + -45?
18835273
In base 7, what is 4343025 + -20?
4343005
In base 4, what is -212233031120 + -10?
-212233031130
In base 11, what is -576297 + -39?
-576325
In base 10, what is -8 - 16342004?
-16342012
In base 8, what is -342642 + -2423?
-345265
In base 2, what is 1001101011000011 + -11000111?
1001100111111100
In base 11, what is -1684aa - 25?
-168524
In base 16, what is 2e - 1e12e?
-1e100
In base 10, what is 8517781 - 0?
8517781
In base 7, what is 45250 - 552?
44365
In base 10, what is -96228 - -7869?
-88359
In base 16, what is -4a3 - 1fff5?
-20498
In base 6, what is -101203 - -424?
-100335
In base 9, what is 681 - 518345?
-517554
In base 2, what is -111000111011001000001 - -11?
-111000111011000111110
In base 11, what is 4 + -28a528?
-28a524
In base 13, what is 289342b7 + -8?
289342ac
In base 3, what is -212211210022 - -21112?
-212211111210
In base 10, what is 628423 + -15?
628408
In base 13, what is -289c62 - -28?
-289c37
In base 13, what is 342a - -196b?
5098
In base 13, what is 136 - -926?
a5c
In base 3, what is 1001202100 + -11221021?
212211002
In base 7, what is -2 - -462424325?
462424323
In base 7, what is 4 - -1332230116?
1332230123
In base 13, what is 3c3 + ba66?
c159
In base 11, what is 80 + -27577?
-274a7
In base 11, what is 632 + 392592?
393114
In base 4, what is 1 - 10030210313201?
-10030210313200
In base 11, what is 282 - 2010?
-1839
In base 2, what is -111011000 + 100010010010001100111?
100010010001010001111
In base 9, what is 6 + -6500043?
-6500036
In base 11, what is 400a1004 - -9?
400a1012
In base 3, what is -222220011101101 - 111?
-222220011101212
In base 12, what is -11bb9 - 14462?
-2645b
In base 12, what is -4595a8 + -683?
-45a06b
In base 12, what is 29 - 331a71?
-331a44
In base 8, what is -135 + 1525541?
1525404
In base 12, what is 6646 + 7207?
11851
In base 15, what is 47357e0 + b?
47357eb
In base 11, what is -378250424 + 5?
-37825041a
In base 15, what is 2 + -7c4ce?
-7c4cc
In base 3, what is 10101 - -100011102020?
100011112121
In base 13, what is 367 - -168c2?
16c59
In base 12, what is -1ab6 - -8ab?
-1207
In base 12, what is 1 + 12211980?
12211981
In base 3, what is 11 + 1010212111021001?
1010212111021012
In base 16, what is -a + -f2fd?
-f307
In base 5, what is 30304203402 + 112?
30304204014
In base 4, what is -33032 + 22033?
-10333
In base 13, what is -3 + 2b41c5b?
2b41c58
In base 2, what is 1011010111011111 - -11010010011?
1011110001110010
In base 16, what is 181a9f + -5?
181a9a
In base 4, what is 100320310 + -20231?
100300013
In base 2, what is -1 - 10100010110101110010001?
-10100010110101110010010
In base 6, what is 104324 + 1330054?
1434422
In base 14, what is -5 + 4b54b6?
4b54b1
In base 10, what is -2 + -4931633?
-4931635
In base 7, what is 5 - 10205566?
-10205561
In base 4, what is -12 - -310313301?
310313223
In base 15, what is -747b - -3e4?
-7087
In base 11, what is 5331852 - 0?
5331852
In base 2, what is 1000101011 - 10101100001110?
-10100011100011
In base 13, what is 612b62c9 + -4?
612b62c5
In base 16, what is -4 - 2cd926?
-2cd92a
In base 15, what is -22a1a + -13?
-22a2d
In base 6, what is 1204034410 - -3?
1204034413
In base 8, what is -1034020 - 57?
-1034077
In base 3, what is -102 + 21200120?
21200011
In base 7, what is 6 - 4343146643?
-4343146634
In base 10, what is -297710 - 440?
-298150
In base 11, what is -137922 - -1a?
-137903
In base 10, what is -4 + 1834229?
1834225
In base 12, what is 13812 - 1937?
11a97
In base 16, what is -95b + 341b?
2ac0
In base 5, what is -2032341012 + 23?
-2032340434
In base 2, what is -11100101 + -1011000101110010?
-1011001001010111
In base 4, what is 100313212 - 10321?
100302231
In base 16, what is e30b0 + 6?
e30b6
In base 8, what is 115652754 + 4?
115652760
In base 15, what is -4d3274 + -5?
-4d3279
In base 4, what is 3320230 - -222?
3321112
In base 4, what is -2210301001103 + 13?
-2210301001030
In base 12, what is -13aa4135 + -4?
-13aa4139
In base 10, what is 177309414 - 0?
177309414
In base 9, what is 5700 + -58515?
-52715
In base 15, what is -494e4d6 + 5?
-494e4d1
In base 16, what is -14d - 22a642?
-22a78f
In base 7, what is 50344 + 4025?
54402
In base 7, what is -204105 - 3?
-204111
In base 5, what is 332224302013 - -2?
332224302020
In base 11, what is 72972494 + 3?
72972497
In base 8, what is 15576 - 36771?
-21173
In base 12, what is 22 + 29800b1?
2980113
In base 9, what is 11112 + 50132?
61244
In base 8, what is 107 + 3240067?
3240176
In base 7, what is -2 + -1461100?
-1461102
In base 2, what is 1011000100101011 - -10001101101?
1011010110011000
In base 5, what is 34 + 340440334?
340440423
In base 3, what is -120 + 21101100102021?
21101100101201
In base 10, what is 155271942 + 4?
155271946
In base 3, what is -1002220120100201200 - -10?
-1002220120100201120
In base 8, what is 15016 - -5330?
22346
In base 6, what is 21524444251 - -4?
21524444255
In base 2, what is 10010111011001001110000101 + 10?
10010111011001001110000111
In base 10, what is 2 - 3713173?
-3713171
In base 3, what is -1021210020000 + -1?
-1021210020001
In base 7, what is -20 - 20013621?
-20013641
In base 4, what is 101 - 22333230011?
-22333223310
In base 16, what is 3500f99 + 2?
3500f9b
In base 6, what is -501030021 - 2?
-501030023
In base 8, what is -36 - 73677770?
-73700026
In base 9, what is 1 + -10665530?
-10665528
In base 12, what is 258 - 1380?
-1124
In base 16, what is 132 - -1b65d?
1b78f
In base 9, what is 81 - -21508584?
21508675
In base 3, what is -